hat is the remainder when 990520762 is divided by 2173?
2172
What is the remainder when 55719219 is divided by 874?
845
What is the remainder when 16116803 is divided by 715?
703
Calculate the remainder when 3514419 is divided by 25.
19
Calculate the remainder when 732968 is divided by 366149.
670
What is the remainder when 7035832 is divided by 2566?
2426
Calculate the remainder when 43805820 is divided by 191.
161
What is the remainder when 109594 is divided by 848?
202
What is the remainder when 5412359 is divided by 159?
158
Calculate the remainder when 32615197 is divided by 21.
13
Calculate the remainder when 40212532 is divided by 1748370.
22
What is the remainder when 18470165 is divided by 52472?
21
What is the remainder when 23796 is divided by 5526?
1692
What is the remainder when 164666 is divided by 5219?
2877
What is the remainder when 35005 is divided by 3460?
405
What is the remainder when 1029404 is divided by 2055?
1904
What is the remainder when 990911 is divided by 31?
27
Calculate the remainder when 22029 is divided by 1890.
1239
Calculate the remainder when 8402983 is divided by 700247.
19
What is the remainder when 109920738 is divided by 379037?
8
Calculate the remainder when 277571 is divided by 644.
7
Calculate the remainder when 306235 is divided by 507.
7
What is the remainder when 864024 is divided by 215989?
68
Calculate the remainder when 94407 is divided by 1.
0
What is the remainder when 79254141 is divided by 21?
15
What is the remainder when 41841457 is divided by 1269?
1258
Calculate the remainder when 9703252 is divided by 808604.
4
Calculate the remainder when 91350475 is divided by 2622.
2617
What is the remainder when 27075 is divided by 2658?
495
Calculate the remainder when 84361852 is divided by 4273.
13
What is the remainder when 176070 is divided by 175546?
524
What is the remainder when 316908 is divided by 158167?
574
What is the remainder when 229748 is divided by 109460?
10828
What is the remainder when 27349879 is divided by 4?
3
What is the remainder when 35613773 is divided by 992?
973
Calculate the remainder when 7964 is divided by 265.
14
Calculate the remainder when 122335197 is divided by 195.
192
What is the remainder when 13820830 is divided by 395?
175
Calculate the remainder when 5102077 is divided by 1674.
1399
Calculate the remainder when 22775294 is divided by 2743.
165
Calculate the remainder when 214384 is divided by 14938.
5252
What is the remainder when 2716028 is divided by 357?
329
Calculate the remainder when 1325147 is divided by 1365.
1097
What is the remainder when 3239672 is divided by 196?
184
What is the remainder when 23119596 is divided by 1400?
1396
What is the remainder when 938264 is divided by 48?
8
Calculate the remainder when 19722086 is divided by 116.
114
What is the remainder when 1561072 is divided by 1561065?
7
Calculate the remainder when 112466 is divided by 1072.
978
What is the remainder when 53124862 is divided by 41246?
14
What is the remainder when 1174028 is divided by 478?
60
What is the remainder when 496169935 is divided by 2134?
2131
What is the remainder when 108512357 is divided by 3741805?
12
What is the remainder when 766003 is divided by 331?
69
What is the remainder when 1746414 is divided by 72762?
126
Calculate the remainder when 14733958 is divided by 1194.
1192
What is the remainder when 5611453 is divided by 71941?
55
What is the remainder when 1001360 is divided by 513?
497
Calculate the remainder when 292982 is divided by 97624.
110
Calculate the remainder when 94545074 is divided by 23636266.
10
Calculate the remainder when 62909326 is divided by 20969774.
4
What is the remainder when 1212287 is divided by 8191?
19
What is the remainder when 1151933791 is divided by 5224?
5223
What is the remainder when 1432100 is divided by 911?
8
What is the remainder when 13792036 is divided by 483?
454
What is the remainder when 1023426 is divided by 32998?
488
What is the remainder when 63405208 is divided by 2359?
6
What is the remainder when 15697661 is divided by 1207512?
5
What is the remainder when 6577626 is divided by 109?
21
Calculate the remainder when 1176 is divided by 147.
0
What is the remainder when 2090655 is divided by 49?
21
What is the remainder when 361328 is divided by 90332?
0
What is the remainder when 4291630 is divided by 858243?
415
Calculate the remainder when 234661 is divided by 58379.
1145
Calculate the remainder when 1101915 is divided by 191.
36
What is the remainder when 620806 is divided by 170?
136
Calculate the remainder when 87242492 is divided by 22.
18
What is the remainder when 1188477 is divided by 1188472?
5
Calculate the remainder when 20191887 is divided by 58.
57
What is the remainder when 522227 is divided by 3244?
3187
Calculate the remainder when 6739204 is divided by 209.
208
What is the remainder when 6339891 is divided by 2237?
233
Calculate the remainder when 325556 is divided by 818.
810
What is the remainder when 216010 is divided by 376?
186
What is the remainder when 289468 is divided by 710?
498
What is the remainder when 4047848 is divided by 809560?
48
Calculate the remainder when 9802870 is divided by 346.
344
What is the remainder when 834750 is divided by 166834?
580
What is the remainder when 872274 is divided by 8?
2
Calculate the remainder when 382197 is divided by 403.
153
What is the remainder when 40982928 is divided by 374?
8
Calculate the remainder when 170168 is divided by 21258.
104
Calculate the remainder when 1845328 is divided by 552.
544
Calculate the remainder when 2912381 is divided by 25325.
6
What is the remainder when 119212 is divided by 19172?
4180
What is the remainder when 928979 is divided by 58?
51
Calculate the remainder when 2709058 is divided by 52097.
14
Calculate the remainder when 130050 is divided by 1966.
294
Calculate the remainder when 302733 is divided by 16818.
9
Calculate the remainder when 45741786 is divided by 1260.
6
What is the remainder when 13042715 is divided by 25?
15
Calculate the remainder when 21653 is divided by 876.
629
What is the remainder when 1847372 is divided by 10998?
10706
Calculate the remainder when 618962 is divided by 3079.
83
Calculate the remainder when 67790 is divided by 29.
17
What is the remainder when 71771 is divided by 1794?
11
Calculate the remainder when 12888696 is divided by 6748.
16
Calculate the remainder when 271282 is divided by 4660.
1002
What is the remainder when 308244 is divided by 20530?
294
What is the remainder when 78490386 is divided by 627?
18
Calculate the remainder when 74944147 is divided by 163277.
4
Calculate the remainder when 7549115 is divided by 4960.
4955
Calculate the remainder when 142774353 is divided by 109742.
11
What is the remainder when 4072687 is divided by 678761?
121
What is the remainder when 8914275 is divided by 1927?
1900
What is the remainder when 3996854 is divided by 11166?
10592
What is the remainder when 676211 is divided by 56?
11
Calculate the remainder when 5871400 is divided by 68272.
8
Calculate the remainder when 1937881833 is divided by 526.
523
Calculate the remainder when 7673771 is divided by 307.
306
What is the remainder when 217838 is divided by 103?
96
Calculate the remainder when 62274707 is divided by 673.
671
Calculate the remainder when 50517 is divided by 10.
7
Calculate the remainder when 1140957 is divided by 1324.
993
Calculate the remainder when 177406 is divided by 96.
94
Calculate the remainder when 16609670 is divided by 43.
17
Calculate the remainder when 72211 is divided by 34570.
3071
Calculate the remainder when 200431100 is divided by 67.
64
Calculate the remainder when 1592532 is divided by 445.
322
What is the remainder when 57872 is divided by 56411?
1461
What is the remainder when 2096376 is divided by 10168?
1768
Calculate the remainder when 5644 is divided by 2559.
526
Calculate the remainder when 23309496 is divided by 8.
0
Calculate the remainder when 1942453 is divided by 1739.
1729
Calculate the remainder when 473998 is divided by 10759.
602
What is the remainder when 79469344 is divided by 118?
2
Calculate the remainder when 46409 is divided by 46316.
93
Calculate the remainder when 55235506 is divided by 38.
36
What